87813195.
345
What is the greatest common factor of 1378 and 57393276?
106
Calculate the greatest common factor of 4970 and 13335575.
355
Calculate the greatest common factor of 45095 and 894125.
1555
What is the greatest common divisor of 62258361 and 49317?
2901
Calculate the highest common divisor of 95760 and 93450816.
2736
What is the highest common factor of 11847 and 141141?
33
Calculate the greatest common divisor of 148015330 and 20.
10
What is the greatest common divisor of 1998 and 4672656?
666
What is the greatest common factor of 545072 and 203424?
2608
What is the greatest common factor of 2668653561 and 9618?
4809
Calculate the greatest common divisor of 4923 and 168417.
9
Calculate the highest common factor of 49496008 and 4053.
193
What is the highest common divisor of 504 and 246288?
168
Calculate the greatest common divisor of 283545 and 1470.
15
What is the greatest common divisor of 366792 and 19256?
232
Calculate the highest common factor of 2718 and 66110216.
302
Calculate the greatest common factor of 2901538 and 4876.
106
What is the greatest common divisor of 11001 and 323399?
19
Calculate the highest common divisor of 14288 and 350607.
19
What is the highest common divisor of 6719121 and 21771?
369
What is the highest common divisor of 135960 and 61440?
120
What is the highest common divisor of 4060 and 5168526160?
4060
What is the greatest common factor of 24880 and 2421135?
1555
Calculate the greatest common divisor of 22844752 and 112.
112
Calculate the highest common divisor of 404285 and 1085.
35
What is the highest common factor of 330 and 11893365?
165
What is the highest common factor of 9204759 and 23085?
1539
What is the highest common divisor of 10726651 and 5146?
31
Calculate the greatest common factor of 1870220 and 264.
44
What is the highest common factor of 5037 and 257853?
69
What is the highest common divisor of 30148 and 767108323?
7537
What is the highest common factor of 221 and 148733?
221
Calculate the greatest common divisor of 162615 and 41313.
879
Calculate the greatest common factor of 538062 and 1040382.
966
What is the greatest common factor of 14 and 3219448?
2
Calculate the greatest common divisor of 54765717 and 203.
29
Calculate the highest common divisor of 2855 and 394763705.
2855
What is the greatest common divisor of 891 and 3763122?
33
Calculate the highest common factor of 462856072 and 224.
56
What is the highest common divisor of 130230232 and 2162?
2162
Calculate the greatest common divisor of 28611 and 650556.
153
Calculate the greatest common divisor of 146717 and 3657.
23
What is the greatest common factor of 126711 and 159809?
247
Calculate the highest common factor of 28880 and 508160.
80
What is the highest common factor of 2475468 and 2052?
108
Calculate the greatest common factor of 135 and 16930710.
45
Calculate the highest common factor of 72527275 and 2375.
475
What is the greatest common divisor of 113 and 6033635?
113
What is the greatest common divisor of 24639 and 7998?
129
Calculate the highest common divisor of 6531 and 245574.
21
What is the greatest common divisor of 1284 and 1064578524?
1284
What is the highest common factor of 4530 and 124485?
15
Calculate the highest common factor of 6560 and 9055424.
1312
Calculate the greatest common divisor of 334263 and 69747.
201
Calculate the highest common divisor of 48645 and 84180.
345
What is the highest common divisor of 836550 and 91674?
198
What is the highest common factor of 4107 and 463647?
111
Calculate the greatest common factor of 177 and 170766591.
177
Calculate the highest common divisor of 13696 and 43228.
428
What is the highest common factor of 39 and 55119805?
13
What is the highest common factor of 615728223 and 17028?
4257
Calculate the highest common factor of 106 and 25091843.
53
What is the highest common divisor of 24743 and 289613?
109
Calculate the greatest common divisor of 433488 and 7704.
24
Calculate the greatest common divisor of 82484082 and 1135.
227
Calculate the greatest common divisor of 570 and 23118915.
285
Calculate the greatest common divisor of 448 and 32284064.
32
What is the greatest common factor of 245668940 and 3740?
220
Calculate the greatest common divisor of 7581 and 13150869.
1083
Calculate the greatest common divisor of 5572 and 1839556.
796
Calculate the highest common factor of 654805 and 10885660.
3785
Calculate the highest common factor of 4037624 and 3414.
1138
What is the greatest common factor of 3 and 26170311?
3
Calculate the highest common divisor of 9008750 and 40000.
1250
What is the highest common factor of 41876560 and 680?
40
Calculate the highest common factor of 2795783 and 4299.
1433
Calculate the highest common divisor of 1126 and 186674.
2
Calculate the greatest common divisor of 3692712 and 696368.
4904
What is the greatest common divisor of 829332536 and 10616?
10616
Calculate the greatest common factor of 23032719 and 9.
9
What is the greatest common factor of 33579496 and 472?
472
Calculate the highest common divisor of 382940 and 308648.
164
Calculate the greatest common divisor of 3671919 and 72.
9
What is the greatest common factor of 1151 and 19656778?
1151
Calculate the highest common divisor of 4731 and 303346989.
4731
Calculate the greatest common divisor of 139632 and 8496.
48
Calculate the greatest common divisor of 145 and 249226.
29
Calculate the highest common divisor of 840568 and 88.
8
What is the highest common factor of 170430 and 734045?
1495
What is the highest common factor of 287303 and 725?
29
What is the highest common divisor of 1024 and 645888?
256
What is the greatest common divisor of 2318 and 2223418?
38
What is the highest common factor of 88 and 63863943?
11
Calculate the highest common factor of 1838 and 6548.
2
What is the greatest common divisor of 3471 and 37129287?
3471
Calculate the greatest common divisor of 357 and 368529.
21
Calculate the highest common factor of 62451 and 801.
9
What is the highest common divisor of 389565285 and 170?
85
What is the highest common divisor of 42696 and 26797077?
5337
What is the highest common divisor of 270652 and 26592512?
3812
What is the highest common factor of 81786 and 14329668?
1902
What is the greatest common factor of 2967264 and 1431?
9
What is the highest common divisor of 2984 and 48098723?
373
Calculate the greatest common factor of 14467 and 120819.
391
What is the highest common divisor of 25715424 and 21?
21
What is the highest common factor of 11032 and 493879000?
1576
Calculate the greatest common divisor of 4312 and 1329713.
539
What is the greatest common factor of 73920 and 52899?
231
Calculate the greatest common divisor of 596415 and 840.
15
Calculate the greatest common factor of 769 and 164993564.
769
What is the highest common divisor of 525862919 and 764?
191
Calculate the greatest common divisor of 12081881 and 147.
49
Calculate the highest common divisor of 53522168 and 1876.
28
What is the highest common divisor of 774946 and 26617?
43
What is the highest common divisor of 1973088 and 459?
153
Calculate the greatest common factor of 1794 and 8321378.
26
What is the greatest common factor of 8471304 and 2295?
459
What is the highest common factor of 14500 and 529750250?
7250
Calculate the greatest common factor of 50713244 and 68.
68
What is the greatest common divisor of 10712 and 32026202?
2678
What is the highest common divisor of 105 and 4535835?
15
What is the highest common divisor of 482489183 and 22?
11
What is the highest common factor of 11008476 and 3820?
764
Calculate the greatest common divisor of 297852 and 108.
12
Calculate the highest common factor of 2816 and 2032576.
64
Calculate the greatest common factor of 15685 and 15995563.
3137
Calculate the highest common factor of 6452940 and 2340.
780
Calculate the greatest common factor of 556 and 145619736.
556
Calculate the highest common divisor of 4159339 and 4964.
17
Calculate the greatest common divisor of 45135429 and 8983.
691
What is the highest common divisor of 516 and 51164238?
258
Calculate the greatest common divisor of 118 and 44390656.
118
Calculate the greatest common divisor of 99226531 and 3933.
437
Calculate the highest common factor of 2307 and 218671532